ctor of 11 and n.
11
Let o(j) = -3*j - 47. Let t be o(-22). What is the greatest common divisor of 171 and t?
19
Let d(y) = 2*y + 224. Let f be d(0). Calculate the highest common divisor of f and 28.
28
Suppose -2 = -2*s - 16. Let h = s - -33. Let f = -13 + h. What is the greatest common divisor of 65 and f?
13
Suppose 36 = 3*t + 3*t. What is the greatest common factor of 33 and t?
3
Suppose 0*s + 2*s = 104. Suppose -4*r = -0*r - s. What is the highest common factor of 117 and r?
13
Let d(t) = 2*t**2 - 3*t - 11. Let k be d(5). Suppose 2*f - 18 = -2*r + k, 5*r - 2*f - 126 = 0. What is the highest common factor of 12 and r?
12
Suppose 4*m - 70 = 30. What is the highest common factor of 175 and m?
25
Let t be (0 + 0 + 1)*6. Let r(m) = 3*m - 6. Let o be r(t). Suppose g + 3*z - 54 = 0, -4*g + 0*g + 250 = -5*z. Calculate the highest common factor of o and g.
12
Suppose -3*i + 10 = -8. Suppose d + 8 - 58 = -2*o, 226 = 4*d - 5*o. What is the highest common divisor of d and i?
6
Let i(b) = -b**2 + 7*b + 1. Let p be i(7). Suppose -2*l + 5 = p. Let r = -2 - -4. What is the highest common factor of r and l?
2
Let k = 37 - -8. Calculate the highest common factor of k and 30.
15
Let d(w) = -w**2 - 6*w - 2. Suppose 0 = 2*p - 3*n + 8, -2*n = 2*p - 0*n + 8. Let a be d(p). Let m be (3/9)/(2/a). What is the greatest common factor of m and 9?
1
Let w = -7 + 11. Suppose -3*g + 21 = -3*s + 5*s, w*g = 3*s - 40. Suppose -x = -3, -5*x + 1 = -q - s. Calculate the greatest common divisor of 10 and q.
2
Suppose -b + 4*g - 5 = -125, -5*g + 500 = 5*b. Calculate the highest common factor of 13 and b.
13
Let k(z) = z**2 - 6*z + 6. Let g be k(5). Let o = g + 4. Suppose -27 = -b + o. What is the highest common divisor of b and 4?
4
Let t be (-112)/(-18) + (-2)/9. Suppose 40 = 2*l - 4*q, 5*l + 2*q = -q + 126. What is the highest common factor of l and t?
6
Suppose 61 = 3*h - 2. What is the greatest common factor of 14 and h?
7
Suppose -57 = -4*a - 1. What is the highest common factor of 70 and a?
14
Let c(p) = 276*p**2 + 4*p - 5. Let g be c(1). What is the greatest common factor of 25 and g?
25
Let n(y) = 15*y**2. Suppose 0 = -0*h + 3*h - 3. Let z be n(h). Calculate the highest common factor of z and 60.
15
Suppose -3*a + 6 = 0, -3*y - 8 = -7*y + 4*a. What is the greatest common factor of 6 and y?
2
Suppose 0 = -c - 3*m + 29, 12*m - 63 = -2*c + 7*m. Calculate the highest common factor of c and 88.
44
Let r(q) = 3*q + 4. Let h be r(0). Calculate the greatest common divisor of 20 and h.
4
Let b be (500/(-8))/(-5) + 1/(-2). What is the highest common divisor of b and 12?
12
Suppose -3 + 2 = a + u, 5*u = -4*a - 5. Suppose a = -5*z - 43 + 98. What is the highest common divisor of z and 55?
11
Let x(c) = c**2 - 11*c + 14. Let w be x(10). Let s = 187 - 130. Let r = s - 29. What is the highest common divisor of w and r?
4
Let r be ((-1)/(-2))/((-7)/(-798)). Suppose -3*v + q + 98 = 2*v, 4 = v + 5*q. Calculate the highest common divisor of r and v.
19
Let g(u) = u + 4. Let n be g(-3). Let a = n + 1. Let i be (-7)/(224/(-88)) - (-2)/8. Calculate the highest common divisor of i and a.
1
Suppose 62 = -3*s + 293. Calculate the greatest common divisor of s and 11.
11
Suppose -3*r = 19 - 1. Let h = r - -7. What is the highest common divisor of 6 and h?
1
Let u = 170 - 90. Let q be 3*3*(-1)/(-9). Let b be (3*q)/((-54)/(-576)). What is the greatest common divisor of b and u?
16
Let l(v) = -v + 135. Let t be l(0). Let y(b) = 8*b - 5. Let j be y(4). Calculate the highest common factor of t and j.
27
Let q(o) be the first derivative of -o**2/2 + 3. Let z be q(-1). Let a be 1 - (3 - z)*-2. What is the highest common factor of 10 and a?
5
Suppose o + 6 = 2, 3*o = -2*a - 2. Calculate the greatest common divisor of 45 and a.
5
Let b(i) be the first derivative of i**2/2 + 8*i + 2. Let o be b(-7). Let r be o/4*(4 - 0). Calculate the highest common factor of r and 1.
1
Suppose 4*i - 2*d - 20 = -0*d, 4*d + 16 = 2*i. Calculate the highest common divisor of 8 and i.
4
Suppose -5*a - 2*w = -5*w - 35, 0 = 2*a - 4*w. Calculate the highest common divisor of 40 and a.
10
Let p(c) = c**2 + 7*c. Let h be p(-9). Let n = -7 - -61. Calculate the greatest common divisor of n and h.
18
Suppose 4*c = 3*c + 2*j, -j - 7 = -4*c. Let u = 23 - 1. Let w be u/(-2*(-1)/2). What is the highest common factor of c and w?
2
Let o be 3/(6/(-13))*-2. Suppose 2*b = -w + 37, -3*b - 119 = -3*w - b. What is the highest common factor of o and w?
13
Let j be (15 + 1)/(9/54). Calculate the highest common factor of 12 and j.
12
Let n(w) = 35*w + 10. Let l be n(6). Calculate the greatest common factor of l and 22.
22
Suppose -4*y + 304 = 48. Suppose y = -0*t + t. Calculate the highest common factor of 8 and t.
8
Suppose -4*z - z - 28 = -r, -2 = -4*r - 2*z. Suppose -5*l = -r*l - 42. Let j = -12 + l. What is the highest common divisor of 45 and j?
9
Suppose -4*z + 19 + 9 = 0. Let k(u) = 17*u**2 - 4*u - 4. Let t be k(-3). Let p = -105 + t. What is the greatest common factor of p and z?
7
Let x(k) = 3*k + 2. Let v be (-8)/(-5) + (-4)/(-10). Let q be x(v). Let l(p) = p**2 + 8*p + 12. Let j be l(-8). What is the highest common divisor of q and j?
4
Let q(p) = -2*p**3 - 4*p**2 - 2*p + 2. Let s be q(-2). Suppose x = 4*x - s. Let w be (-5 + x - 0)*-10. Calculate the greatest common factor of w and 20.
10
Suppose -28 = -7*k + 42. Calculate the highest common factor of k and 70.
10
Let p be (470*1)/2 + -3. Calculate the highest common divisor of p and 29.
29
Suppose -2*j + 115 - 27 = 0. Let u be 6/27*3*6. What is the greatest common divisor of j and u?
4
Let v be (4/(-12))/(2/(-2046)). Calculate the highest common divisor of 31 and v.
31
Let f(t) = -2*t**2 + 23*t - 26. Let l be f(9). Calculate the greatest common factor of l and 133.
19
Let u = 17 + -12. Let r be 3 - (3 + 2 + -7). What is the greatest common factor of u and r?
5
Let a = 80 + -69. Let j be ((-6)/(-9))/((-1)/(-66)). Calculate the highest common factor of a and j.
11
Let w(r) = -r**2 + 4*r + 17. Let q be w(5). Calculate the highest common factor of 108 and q.
12
Let n = 84 + -119. Let r = -15 - n. Calculate the greatest common divisor of r and 10.
10
Suppose -3*n - 2*q + 24 = -0*q, 6 = 2*n - 2*q. Let i = 49 - 25. What is the greatest common divisor of i and n?
6
Let a be (-27)/(-15) + 2/10. Suppose a*q - 3*u = 2*u + 343, -2 = 2*u. Suppose q + 181 = 5*y. Calculate the highest common divisor of 7 and y.
7
Let f = 5 + -3. Suppose -j + f*j + 1 = 0. Let w = j + 9. Calculate the greatest common factor of 32 and w.
8
Let y(u) = u**3 - 10*u**2 + 8*u + 13. Let i be y(9). What is the greatest common divisor of 8 and i?
4
Let d(n) = -3*n + 6. Let w be d(6). Let k = w - -17. What is the greatest common factor of k and 5?
5
Suppose 4*d - 3*d + 63 = 5*u, 9 = -3*d. What is the greatest common factor of 12 and u?
12
Let f = 58 - 33. Calculate the highest common divisor of 10 and f.
5
Suppose -2*o = -4*l - 274, 0*l - 3*l + 4*o - 193 = 0. Let z = -1 - l. What is the greatest common factor of 28 and z?
14
Let h be 35 + -4 + 2 + -1. Calculate the highest common divisor of 8 and h.
8
Suppose -3*a + 104 = -64. Let i(b) = -5*b - 43. Let v be i(-9). Suppose v*m - 264 = a. Calculate the greatest common factor of 20 and m.
20
Let r be ((-2)/4 + 50/40)*48. What is the highest common factor of 4 and r?
4
Let u = -4 + 11. Let f be 8/24 + (-186)/(-9). Calculate the highest common divisor of u and f.
7
Suppose 4*z = 3*t + 77, 4*t - t = 3. What is the highest common divisor of 30 and z?
10
Let h be -20*(-2 + -1 + 1). Let v(f) = f - 1. Let p be v(-4). Let c = p + 13. What is the highest common factor of h and c?
8
Let f = 3 + -6. Let w be ((-14)/f)/(8/12). What is the highest common divisor of 1 and w?
1
Let a be (54 + 0 - -2) + 1. Let o be 18/(1*(-4)/8). Let s be 0 - (o - (0 + 2)). What is the highest common factor of s and a?
19
Let y = 47 + -27. What is the highest common divisor of y and 80?
20
Suppose 5*m - 44 = -3*u + 2*u, 340 = 5*u - 5*m. What is the highest common factor of 16 and u?
16
Let v be (-4)/(-6) + 40/3. Let n = -16 + 10. Let q be ((-4)/n)/(3/9). Calculate the greatest common divisor of q and v.
2
Suppose -l = -1 - 11. Calculate the greatest common divisor of l and 12.
12
Suppose -6 = -y + 28. Suppose